Dec 02 16:06:22.541 INFO testing sounding-analysis-0.9.2 against master#8940af3cea4a9a9deabcaf843b2f8cad9a83fc61 for beta-1.31-5
Dec 02 16:06:22.541 INFO running `"docker" "create" "-v" "/mnt/big/crater/work/local/target-dirs/beta-1.31-5/worker-1/master#8940af3cea4a9a9deabcaf843b2f8cad9a83fc61:/target:rw,Z" "-v" "/mnt/big/crater/work/local/test-source/worker-1/beta-1.31-5/master#8940af3cea4a9a9deabcaf843b2f8cad9a83fc61:/source:ro,Z" "-v" "/mnt/big/crater/work/local/cargo-home:/cargo-home:ro,Z" "-v" "/mnt/big/crater/work/local/rustup-home:/rustup-home:ro,Z" "-e" "USER_ID=1000" "-e" "SOURCE_DIR=/source" "-e" "USER_ID=1000" "-e" "CMD=cargo +8940af3cea4a9a9deabcaf843b2f8cad9a83fc61-alt build --frozen" "-e" "CARGO_TARGET_DIR=/target" "-e" "CARGO_INCREMENTAL=0" "-e" "RUST_BACKTRACE=full" "-e" "RUSTFLAGS=--cap-lints=warn" "-e" "CARGO_HOME=/cargo-home" "-e" "RUSTUP_HOME=/rustup-home" "-m" "1536M" "--network" "none" "crater"`
Dec 02 16:06:22.843 INFO [stdout] 5a5f490181eb08035964b652c1b3cf1ad466afcf84e8649f826b56e35b3c79ae
Dec 02 16:06:22.848 INFO running `"docker" "start" "-a" "5a5f490181eb08035964b652c1b3cf1ad466afcf84e8649f826b56e35b3c79ae"`
Dec 02 16:06:24.103 INFO [stderr] usermod: no changes
Dec 02 16:06:24.236 INFO [stderr]    Compiling sounding-analysis v0.9.2 (/source)
Dec 02 16:06:25.611 INFO [stderr] error[E0308]: mismatched types
Dec 02 16:06:25.611 INFO [stderr]   --> src/interpolation.rs:28:23
Dec 02 16:06:25.611 INFO [stderr]    |
Dec 02 16:06:25.611 INFO [stderr] 28 |     result.pressure = Optioned::from(target_p);
Dec 02 16:06:25.611 INFO [stderr]    |                       ^^^^^^^^^^^^^^^^^^^^^^^^ expected struct `optional::Optioned`, found a different struct `optional::Optioned`
Dec 02 16:06:25.611 INFO [stderr]    |
Dec 02 16:06:25.611 INFO [stderr]    = note: expected type `optional::Optioned<f64>` (struct `optional::Optioned`)
Dec 02 16:06:25.611 INFO [stderr]               found type `optional::Optioned<f64>` (struct `optional::Optioned`)
Dec 02 16:06:25.611 INFO [stderr] note: Perhaps two different versions of crate `optional` are being used?
Dec 02 16:06:25.611 INFO [stderr]   --> src/interpolation.rs:28:23
Dec 02 16:06:25.611 INFO [stderr]    |
Dec 02 16:06:25.611 INFO [stderr] 28 |     result.pressure = Optioned::from(target_p);
Dec 02 16:06:25.611 INFO [stderr]    |                       ^^^^^^^^^^^^^^^^^^^^^^^^
Dec 02 16:06:25.611 INFO [stderr] 
Dec 02 16:06:25.687 INFO [stderr] error[E0308]: mismatched types
Dec 02 16:06:25.687 INFO [stderr]   --> src/interpolation.rs:56:80
Dec 02 16:06:25.687 INFO [stderr]    |
Dec 02 16:06:25.687 INFO [stderr] 56 |         result.temperature = eval_linear_interp(below_idx, above_idx, run, dp, temperature);
Dec 02 16:06:25.687 INFO [stderr]    |                                                                                ^^^^^^^^^^^ expected struct `optional::Optioned`, found a different struct `optional::Optioned`
Dec 02 16:06:25.687 INFO [stderr]    |
Dec 02 16:06:25.687 INFO [stderr]    = note: expected type `&[optional::Optioned<f64>]` (struct `optional::Optioned`)
Dec 02 16:06:25.687 INFO [stderr]               found type `&[optional::Optioned<f64>]` (struct `optional::Optioned`)
Dec 02 16:06:25.687 INFO [stderr] note: Perhaps two different versions of crate `optional` are being used?
Dec 02 16:06:25.687 INFO [stderr]   --> src/interpolation.rs:56:80
Dec 02 16:06:25.687 INFO [stderr]    |
Dec 02 16:06:25.687 INFO [stderr] 56 |         result.temperature = eval_linear_interp(below_idx, above_idx, run, dp, temperature);
Dec 02 16:06:25.687 INFO [stderr]    |                                                                                ^^^^^^^^^^^
Dec 02 16:06:25.687 INFO [stderr] 
Dec 02 16:06:25.751 INFO [stderr] error[E0308]: mismatched types
Dec 02 16:06:25.751 INFO [stderr]   --> src/interpolation.rs:56:30
Dec 02 16:06:25.751 INFO [stderr]    |
Dec 02 16:06:25.751 INFO [stderr] 56 |         result.temperature = eval_linear_interp(below_idx, above_idx, run, dp, temperature);
Dec 02 16:06:25.751 INFO [stderr]    |                              ^^^^^^^^^^^^^^^^^^^^^^^^^^^^^^^^^^^^^^^^^^^^^^^^^^^^^^^^^^^^^^ expected struct `optional::Optioned`, found a different struct `optional::Optioned`
Dec 02 16:06:25.751 INFO [stderr]    |
Dec 02 16:06:25.751 INFO [stderr]    = note: expected type `optional::Optioned<f64>` (struct `optional::Optioned`)
Dec 02 16:06:25.751 INFO [stderr]               found type `optional::Optioned<f64>` (struct `optional::Optioned`)
Dec 02 16:06:25.751 INFO [stderr] note: Perhaps two different versions of crate `optional` are being used?
Dec 02 16:06:25.751 INFO [stderr]   --> src/interpolation.rs:56:30
Dec 02 16:06:25.751 INFO [stderr]    |
Dec 02 16:06:25.751 INFO [stderr] 56 |         result.temperature = eval_linear_interp(below_idx, above_idx, run, dp, temperature);
Dec 02 16:06:25.751 INFO [stderr]    |                              ^^^^^^^^^^^^^^^^^^^^^^^^^^^^^^^^^^^^^^^^^^^^^^^^^^^^^^^^^^^^^^
Dec 02 16:06:25.751 INFO [stderr] 
Dec 02 16:06:25.827 INFO [stderr] error[E0308]: mismatched types
Dec 02 16:06:25.827 INFO [stderr]   --> src/interpolation.rs:57:77
Dec 02 16:06:25.827 INFO [stderr]    |
Dec 02 16:06:25.827 INFO [stderr] 57 |         result.wet_bulb = eval_linear_interp(below_idx, above_idx, run, dp, wet_bulb);
Dec 02 16:06:25.827 INFO [stderr]    |                                                                             ^^^^^^^^ expected struct `optional::Optioned`, found a different struct `optional::Optioned`
Dec 02 16:06:25.827 INFO [stderr]    |
Dec 02 16:06:25.827 INFO [stderr]    = note: expected type `&[optional::Optioned<f64>]` (struct `optional::Optioned`)
Dec 02 16:06:25.827 INFO [stderr]               found type `&[optional::Optioned<f64>]` (struct `optional::Optioned`)
Dec 02 16:06:25.827 INFO [stderr] note: Perhaps two different versions of crate `optional` are being used?
Dec 02 16:06:25.827 INFO [stderr]   --> src/interpolation.rs:57:77
Dec 02 16:06:25.827 INFO [stderr]    |
Dec 02 16:06:25.827 INFO [stderr] 57 |         result.wet_bulb = eval_linear_interp(below_idx, above_idx, run, dp, wet_bulb);
Dec 02 16:06:25.827 INFO [stderr]    |                                                                             ^^^^^^^^
Dec 02 16:06:25.827 INFO [stderr] 
Dec 02 16:06:25.895 INFO [stderr] error[E0308]: mismatched types
Dec 02 16:06:25.895 INFO [stderr]   --> src/interpolation.rs:57:27
Dec 02 16:06:25.895 INFO [stderr]    |
Dec 02 16:06:25.895 INFO [stderr] 57 |         result.wet_bulb = eval_linear_interp(below_idx, above_idx, run, dp, wet_bulb);
Dec 02 16:06:25.895 INFO [stderr]    |                           ^^^^^^^^^^^^^^^^^^^^^^^^^^^^^^^^^^^^^^^^^^^^^^^^^^^^^^^^^^^ expected struct `optional::Optioned`, found a different struct `optional::Optioned`
Dec 02 16:06:25.895 INFO [stderr]    |
Dec 02 16:06:25.895 INFO [stderr]    = note: expected type `optional::Optioned<f64>` (struct `optional::Optioned`)
Dec 02 16:06:25.895 INFO [stderr]               found type `optional::Optioned<f64>` (struct `optional::Optioned`)
Dec 02 16:06:25.895 INFO [stderr] note: Perhaps two different versions of crate `optional` are being used?
Dec 02 16:06:25.895 INFO [stderr]   --> src/interpolation.rs:57:27
Dec 02 16:06:25.895 INFO [stderr]    |
Dec 02 16:06:25.895 INFO [stderr] 57 |         result.wet_bulb = eval_linear_interp(below_idx, above_idx, run, dp, wet_bulb);
Dec 02 16:06:25.895 INFO [stderr]    |                           ^^^^^^^^^^^^^^^^^^^^^^^^^^^^^^^^^^^^^^^^^^^^^^^^^^^^^^^^^^^
Dec 02 16:06:25.895 INFO [stderr] 
Dec 02 16:06:25.971 INFO [stderr] error[E0308]: mismatched types
Dec 02 16:06:25.971 INFO [stderr]   --> src/interpolation.rs:58:78
Dec 02 16:06:25.971 INFO [stderr]    |
Dec 02 16:06:25.971 INFO [stderr] 58 |         result.dew_point = eval_linear_interp(below_idx, above_idx, run, dp, dew_point);
Dec 02 16:06:25.971 INFO [stderr]    |                                                                              ^^^^^^^^^ expected struct `optional::Optioned`, found a different struct `optional::Optioned`
Dec 02 16:06:25.971 INFO [stderr]    |
Dec 02 16:06:25.971 INFO [stderr]    = note: expected type `&[optional::Optioned<f64>]` (struct `optional::Optioned`)
Dec 02 16:06:25.971 INFO [stderr]               found type `&[optional::Optioned<f64>]` (struct `optional::Optioned`)
Dec 02 16:06:25.971 INFO [stderr] note: Perhaps two different versions of crate `optional` are being used?
Dec 02 16:06:25.971 INFO [stderr]   --> src/interpolation.rs:58:78
Dec 02 16:06:25.971 INFO [stderr]    |
Dec 02 16:06:25.971 INFO [stderr] 58 |         result.dew_point = eval_linear_interp(below_idx, above_idx, run, dp, dew_point);
Dec 02 16:06:25.971 INFO [stderr]    |                                                                              ^^^^^^^^^
Dec 02 16:06:25.971 INFO [stderr] 
Dec 02 16:06:26.035 INFO [stderr] error[E0308]: mismatched types
Dec 02 16:06:26.035 INFO [stderr]   --> src/interpolation.rs:58:28
Dec 02 16:06:26.035 INFO [stderr]    |
Dec 02 16:06:26.035 INFO [stderr] 58 |         result.dew_point = eval_linear_interp(below_idx, above_idx, run, dp, dew_point);
Dec 02 16:06:26.035 INFO [stderr]    |                            ^^^^^^^^^^^^^^^^^^^^^^^^^^^^^^^^^^^^^^^^^^^^^^^^^^^^^^^^^^^^ expected struct `optional::Optioned`, found a different struct `optional::Optioned`
Dec 02 16:06:26.035 INFO [stderr]    |
Dec 02 16:06:26.035 INFO [stderr]    = note: expected type `optional::Optioned<f64>` (struct `optional::Optioned`)
Dec 02 16:06:26.035 INFO [stderr]               found type `optional::Optioned<f64>` (struct `optional::Optioned`)
Dec 02 16:06:26.035 INFO [stderr] note: Perhaps two different versions of crate `optional` are being used?
Dec 02 16:06:26.035 INFO [stderr]   --> src/interpolation.rs:58:28
Dec 02 16:06:26.035 INFO [stderr]    |
Dec 02 16:06:26.035 INFO [stderr] 58 |         result.dew_point = eval_linear_interp(below_idx, above_idx, run, dp, dew_point);
Dec 02 16:06:26.035 INFO [stderr]    |                            ^^^^^^^^^^^^^^^^^^^^^^^^^^^^^^^^^^^^^^^^^^^^^^^^^^^^^^^^^^^^
Dec 02 16:06:26.035 INFO [stderr] 
Dec 02 16:06:26.119 INFO [stderr] error[E0308]: mismatched types
Dec 02 16:06:26.119 INFO [stderr]   --> src/interpolation.rs:59:76
Dec 02 16:06:26.119 INFO [stderr]    |
Dec 02 16:06:26.119 INFO [stderr] 59 |         result.theta_e = eval_linear_interp(below_idx, above_idx, run, dp, theta_e);
Dec 02 16:06:26.119 INFO [stderr]    |                                                                            ^^^^^^^ expected struct `optional::Optioned`, found a different struct `optional::Optioned`
Dec 02 16:06:26.119 INFO [stderr]    |
Dec 02 16:06:26.119 INFO [stderr]    = note: expected type `&[optional::Optioned<f64>]` (struct `optional::Optioned`)
Dec 02 16:06:26.119 INFO [stderr]               found type `&[optional::Optioned<f64>]` (struct `optional::Optioned`)
Dec 02 16:06:26.119 INFO [stderr] note: Perhaps two different versions of crate `optional` are being used?
Dec 02 16:06:26.119 INFO [stderr]   --> src/interpolation.rs:59:76
Dec 02 16:06:26.119 INFO [stderr]    |
Dec 02 16:06:26.119 INFO [stderr] 59 |         result.theta_e = eval_linear_interp(below_idx, above_idx, run, dp, theta_e);
Dec 02 16:06:26.119 INFO [stderr]    |                                                                            ^^^^^^^
Dec 02 16:06:26.119 INFO [stderr] 
Dec 02 16:06:26.199 INFO [stderr] error[E0308]: mismatched types
Dec 02 16:06:26.199 INFO [stderr]   --> src/interpolation.rs:59:26
Dec 02 16:06:26.199 INFO [stderr]    |
Dec 02 16:06:26.199 INFO [stderr] 59 |         result.theta_e = eval_linear_interp(below_idx, above_idx, run, dp, theta_e);
Dec 02 16:06:26.199 INFO [stderr]    |                          ^^^^^^^^^^^^^^^^^^^^^^^^^^^^^^^^^^^^^^^^^^^^^^^^^^^^^^^^^^ expected struct `optional::Optioned`, found a different struct `optional::Optioned`
Dec 02 16:06:26.199 INFO [stderr]    |
Dec 02 16:06:26.199 INFO [stderr]    = note: expected type `optional::Optioned<f64>` (struct `optional::Optioned`)
Dec 02 16:06:26.199 INFO [stderr]               found type `optional::Optioned<f64>` (struct `optional::Optioned`)
Dec 02 16:06:26.199 INFO [stderr] note: Perhaps two different versions of crate `optional` are being used?
Dec 02 16:06:26.199 INFO [stderr]   --> src/interpolation.rs:59:26
Dec 02 16:06:26.199 INFO [stderr]    |
Dec 02 16:06:26.199 INFO [stderr] 59 |         result.theta_e = eval_linear_interp(below_idx, above_idx, run, dp, theta_e);
Dec 02 16:06:26.199 INFO [stderr]    |                          ^^^^^^^^^^^^^^^^^^^^^^^^^^^^^^^^^^^^^^^^^^^^^^^^^^^^^^^^^^
Dec 02 16:06:26.199 INFO [stderr] 
Dec 02 16:06:26.287 INFO [stderr] error[E0308]: mismatched types
Dec 02 16:06:26.287 INFO [stderr]   --> src/interpolation.rs:96:74
Dec 02 16:06:26.287 INFO [stderr]    |
Dec 02 16:06:26.287 INFO [stderr] 96 |         result.omega = eval_linear_interp(below_idx, above_idx, run, dp, omega);
Dec 02 16:06:26.287 INFO [stderr]    |                                                                          ^^^^^ expected struct `optional::Optioned`, found a different struct `optional::Optioned`
Dec 02 16:06:26.287 INFO [stderr]    |
Dec 02 16:06:26.287 INFO [stderr]    = note: expected type `&[optional::Optioned<f64>]` (struct `optional::Optioned`)
Dec 02 16:06:26.287 INFO [stderr]               found type `&[optional::Optioned<f64>]` (struct `optional::Optioned`)
Dec 02 16:06:26.287 INFO [stderr] note: Perhaps two different versions of crate `optional` are being used?
Dec 02 16:06:26.287 INFO [stderr]   --> src/interpolation.rs:96:74
Dec 02 16:06:26.287 INFO [stderr]    |
Dec 02 16:06:26.287 INFO [stderr] 96 |         result.omega = eval_linear_interp(below_idx, above_idx, run, dp, omega);
Dec 02 16:06:26.287 INFO [stderr]    |                                                                          ^^^^^
Dec 02 16:06:26.287 INFO [stderr] 
Dec 02 16:06:26.359 INFO [stderr] error[E0308]: mismatched types
Dec 02 16:06:26.359 INFO [stderr]   --> src/interpolation.rs:96:24
Dec 02 16:06:26.359 INFO [stderr]    |
Dec 02 16:06:26.359 INFO [stderr] 96 |         result.omega = eval_linear_interp(below_idx, above_idx, run, dp, omega);
Dec 02 16:06:26.359 INFO [stderr]    |                        ^^^^^^^^^^^^^^^^^^^^^^^^^^^^^^^^^^^^^^^^^^^^^^^^^^^^^^^^ expected struct `optional::Optioned`, found a different struct `optional::Optioned`
Dec 02 16:06:26.359 INFO [stderr]    |
Dec 02 16:06:26.359 INFO [stderr]    = note: expected type `optional::Optioned<f64>` (struct `optional::Optioned`)
Dec 02 16:06:26.359 INFO [stderr]               found type `optional::Optioned<f64>` (struct `optional::Optioned`)
Dec 02 16:06:26.359 INFO [stderr] note: Perhaps two different versions of crate `optional` are being used?
Dec 02 16:06:26.359 INFO [stderr]   --> src/interpolation.rs:96:24
Dec 02 16:06:26.359 INFO [stderr]    |
Dec 02 16:06:26.359 INFO [stderr] 96 |         result.omega = eval_linear_interp(below_idx, above_idx, run, dp, omega);
Dec 02 16:06:26.359 INFO [stderr]    |                        ^^^^^^^^^^^^^^^^^^^^^^^^^^^^^^^^^^^^^^^^^^^^^^^^^^^^^^^^
Dec 02 16:06:26.359 INFO [stderr] 
Dec 02 16:06:26.439 INFO [stderr] error[E0308]: mismatched types
Dec 02 16:06:26.439 INFO [stderr]   --> src/interpolation.rs:97:75
Dec 02 16:06:26.439 INFO [stderr]    |
Dec 02 16:06:26.439 INFO [stderr] 97 |         result.height = eval_linear_interp(below_idx, above_idx, run, dp, height);
Dec 02 16:06:26.439 INFO [stderr]    |                                                                           ^^^^^^ expected struct `optional::Optioned`, found a different struct `optional::Optioned`
Dec 02 16:06:26.439 INFO [stderr]    |
Dec 02 16:06:26.439 INFO [stderr]    = note: expected type `&[optional::Optioned<f64>]` (struct `optional::Optioned`)
Dec 02 16:06:26.439 INFO [stderr]               found type `&[optional::Optioned<f64>]` (struct `optional::Optioned`)
Dec 02 16:06:26.439 INFO [stderr] note: Perhaps two different versions of crate `optional` are being used?
Dec 02 16:06:26.439 INFO [stderr]   --> src/interpolation.rs:97:75
Dec 02 16:06:26.439 INFO [stderr]    |
Dec 02 16:06:26.439 INFO [stderr] 97 |         result.height = eval_linear_interp(below_idx, above_idx, run, dp, height);
Dec 02 16:06:26.439 INFO [stderr]    |                                                                           ^^^^^^
Dec 02 16:06:26.439 INFO [stderr] 
Dec 02 16:06:26.521 INFO [stderr] error[E0308]: mismatched types
Dec 02 16:06:26.522 INFO [stderr]   --> src/interpolation.rs:97:25
Dec 02 16:06:26.522 INFO [stderr]    |
Dec 02 16:06:26.522 INFO [stderr] 97 |         result.height = eval_linear_interp(below_idx, above_idx, run, dp, height);
Dec 02 16:06:26.522 INFO [stderr]    |                         ^^^^^^^^^^^^^^^^^^^^^^^^^^^^^^^^^^^^^^^^^^^^^^^^^^^^^^^^^ expected struct `optional::Optioned`, found a different struct `optional::Optioned`
Dec 02 16:06:26.522 INFO [stderr]    |
Dec 02 16:06:26.522 INFO [stderr]    = note: expected type `optional::Optioned<f64>` (struct `optional::Optioned`)
Dec 02 16:06:26.522 INFO [stderr]               found type `optional::Optioned<f64>` (struct `optional::Optioned`)
Dec 02 16:06:26.522 INFO [stderr] note: Perhaps two different versions of crate `optional` are being used?
Dec 02 16:06:26.522 INFO [stderr]   --> src/interpolation.rs:97:25
Dec 02 16:06:26.522 INFO [stderr]    |
Dec 02 16:06:26.522 INFO [stderr] 97 |         result.height = eval_linear_interp(below_idx, above_idx, run, dp, height);
Dec 02 16:06:26.522 INFO [stderr]    |                         ^^^^^^^^^^^^^^^^^^^^^^^^^^^^^^^^^^^^^^^^^^^^^^^^^^^^^^^^^
Dec 02 16:06:26.522 INFO [stderr] 
Dec 02 16:06:26.603 INFO [stderr] error[E0308]: mismatched types
Dec 02 16:06:26.603 INFO [stderr]   --> src/interpolation.rs:98:83
Dec 02 16:06:26.603 INFO [stderr]    |
Dec 02 16:06:26.603 INFO [stderr] 98 |         result.cloud_fraction = eval_linear_interp(below_idx, above_idx, run, dp, cloud_fraction);
Dec 02 16:06:26.603 INFO [stderr]    |                                                                                   ^^^^^^^^^^^^^^ expected struct `optional::Optioned`, found a different struct `optional::Optioned`
Dec 02 16:06:26.603 INFO [stderr]    |
Dec 02 16:06:26.603 INFO [stderr]    = note: expected type `&[optional::Optioned<f64>]` (struct `optional::Optioned`)
Dec 02 16:06:26.603 INFO [stderr]               found type `&[optional::Optioned<f64>]` (struct `optional::Optioned`)
Dec 02 16:06:26.603 INFO [stderr] note: Perhaps two different versions of crate `optional` are being used?
Dec 02 16:06:26.603 INFO [stderr]   --> src/interpolation.rs:98:83
Dec 02 16:06:26.603 INFO [stderr]    |
Dec 02 16:06:26.603 INFO [stderr] 98 |         result.cloud_fraction = eval_linear_interp(below_idx, above_idx, run, dp, cloud_fraction);
Dec 02 16:06:26.603 INFO [stderr]    |                                                                                   ^^^^^^^^^^^^^^
Dec 02 16:06:26.603 INFO [stderr] 
Dec 02 16:06:26.678 INFO [stderr] error[E0308]: mismatched types
Dec 02 16:06:26.678 INFO [stderr]   --> src/interpolation.rs:98:33
Dec 02 16:06:26.678 INFO [stderr]    |
Dec 02 16:06:26.678 INFO [stderr] 98 |         result.cloud_fraction = eval_linear_interp(below_idx, above_idx, run, dp, cloud_fraction);
Dec 02 16:06:26.678 INFO [stderr]    |                                 ^^^^^^^^^^^^^^^^^^^^^^^^^^^^^^^^^^^^^^^^^^^^^^^^^^^^^^^^^^^^^^^^^ expected struct `optional::Optioned`, found a different struct `optional::Optioned`
Dec 02 16:06:26.678 INFO [stderr]    |
Dec 02 16:06:26.678 INFO [stderr]    = note: expected type `optional::Optioned<f64>` (struct `optional::Optioned`)
Dec 02 16:06:26.678 INFO [stderr]               found type `optional::Optioned<f64>` (struct `optional::Optioned`)
Dec 02 16:06:26.678 INFO [stderr] note: Perhaps two different versions of crate `optional` are being used?
Dec 02 16:06:26.678 INFO [stderr]   --> src/interpolation.rs:98:33
Dec 02 16:06:26.678 INFO [stderr]    |
Dec 02 16:06:26.678 INFO [stderr] 98 |         result.cloud_fraction = eval_linear_interp(below_idx, above_idx, run, dp, cloud_fraction);
Dec 02 16:06:26.678 INFO [stderr]    |                                 ^^^^^^^^^^^^^^^^^^^^^^^^^^^^^^^^^^^^^^^^^^^^^^^^^^^^^^^^^^^^^^^^^
Dec 02 16:06:26.678 INFO [stderr] 
Dec 02 16:06:26.831 INFO [stderr] error[E0308]: if and else have incompatible types
Dec 02 16:06:26.831 INFO [stderr]    --> src/parcel.rs:179:19
Dec 02 16:06:26.831 INFO [stderr]     |
Dec 02 16:06:26.831 INFO [stderr] 179 |       let theta_e = if !snd.get_profile(ThetaE).is_empty() {
Dec 02 16:06:26.831 INFO [stderr]     |  ___________________^
Dec 02 16:06:26.831 INFO [stderr] 180 | |         snd.get_profile(ThetaE)
Dec 02 16:06:26.831 INFO [stderr] 181 | |     } else {
Dec 02 16:06:26.831 INFO [stderr] 182 | |         temp_vec = equivalent_potential_temperature(snd);
Dec 02 16:06:26.831 INFO [stderr] 183 | |         &temp_vec
Dec 02 16:06:26.831 INFO [stderr] 184 | |     };
Dec 02 16:06:26.831 INFO [stderr]     | |_____^ expected slice, found struct `std::vec::Vec`
Dec 02 16:06:26.831 INFO [stderr]     |
Dec 02 16:06:26.831 INFO [stderr]     = note: expected type `&[optional::Optioned<f64>]`
Dec 02 16:06:26.831 INFO [stderr]                found type `&std::vec::Vec<optional::Optioned<f64>>`
Dec 02 16:06:26.831 INFO [stderr] 
Dec 02 16:06:27.019 INFO [stderr] error[E0277]: a collection of type `std::vec::Vec<optional::Optioned<f64>>` cannot be built from an iterator over elements of type `optional::Optioned<f64>`
Dec 02 16:06:27.019 INFO [stderr]   --> src/profile.rs:37:12
Dec 02 16:06:27.019 INFO [stderr]    |
Dec 02 16:06:27.019 INFO [stderr] 37 |         }).collect()
Dec 02 16:06:27.019 INFO [stderr]    |            ^^^^^^^ a collection of type `std::vec::Vec<optional::Optioned<f64>>` cannot be built from `std::iter::Iterator<Item=optional::Optioned<f64>>`
Dec 02 16:06:27.019 INFO [stderr]    |
Dec 02 16:06:27.019 INFO [stderr]    = help: the trait `std::iter::FromIterator<optional::Optioned<f64>>` is not implemented for `std::vec::Vec<optional::Optioned<f64>>`
Dec 02 16:06:27.019 INFO [stderr] 
Dec 02 16:06:27.023 INFO [stderr] error[E0277]: a collection of type `std::vec::Vec<optional::Optioned<f64>>` cannot be built from an iterator over elements of type `optional::Optioned<f64>`
Dec 02 16:06:27.023 INFO [stderr]   --> src/profile.rs:59:12
Dec 02 16:06:27.023 INFO [stderr]    |
Dec 02 16:06:27.023 INFO [stderr] 59 |         }).collect()
Dec 02 16:06:27.023 INFO [stderr]    |            ^^^^^^^ a collection of type `std::vec::Vec<optional::Optioned<f64>>` cannot be built from `std::iter::Iterator<Item=optional::Optioned<f64>>`
Dec 02 16:06:27.023 INFO [stderr]    |
Dec 02 16:06:27.023 INFO [stderr]    = help: the trait `std::iter::FromIterator<optional::Optioned<f64>>` is not implemented for `std::vec::Vec<optional::Optioned<f64>>`
Dec 02 16:06:27.023 INFO [stderr] 
Dec 02 16:06:27.031 INFO [stderr] error[E0277]: a collection of type `std::vec::Vec<optional::Optioned<f64>>` cannot be built from an iterator over elements of type `optional::Optioned<f64>`
Dec 02 16:06:27.031 INFO [stderr]   --> src/profile.rs:81:12
Dec 02 16:06:27.031 INFO [stderr]    |
Dec 02 16:06:27.031 INFO [stderr] 81 |         }).collect()
Dec 02 16:06:27.031 INFO [stderr]    |            ^^^^^^^ a collection of type `std::vec::Vec<optional::Optioned<f64>>` cannot be built from `std::iter::Iterator<Item=optional::Optioned<f64>>`
Dec 02 16:06:27.031 INFO [stderr]    |
Dec 02 16:06:27.031 INFO [stderr]    = help: the trait `std::iter::FromIterator<optional::Optioned<f64>>` is not implemented for `std::vec::Vec<optional::Optioned<f64>>`
Dec 02 16:06:27.031 INFO [stderr] 
Dec 02 16:06:27.031 INFO [stderr] error[E0277]: a collection of type `std::vec::Vec<optional::Optioned<f64>>` cannot be built from an iterator over elements of type `optional::Optioned<f64>`
Dec 02 16:06:27.035 INFO [stderr]    --> src/profile.rs:106:12
Dec 02 16:06:27.035 INFO [stderr]     |
Dec 02 16:06:27.035 INFO [stderr] 106 |         }).collect()
Dec 02 16:06:27.035 INFO [stderr]     |            ^^^^^^^ a collection of type `std::vec::Vec<optional::Optioned<f64>>` cannot be built from `std::iter::Iterator<Item=optional::Optioned<f64>>`
Dec 02 16:06:27.035 INFO [stderr]     |
Dec 02 16:06:27.035 INFO [stderr]     = help: the trait `std::iter::FromIterator<optional::Optioned<f64>>` is not implemented for `std::vec::Vec<optional::Optioned<f64>>`
Dec 02 16:06:27.035 INFO [stderr] 
Dec 02 16:06:27.039 INFO [stderr] error[E0271]: type mismatch resolving `<std::slice::Iter<'_, optional::Optioned<f64>> as std::iter::Iterator>::Item == &optional::Optioned<f64>`
Dec 02 16:06:27.039 INFO [stderr]    --> src/profile.rs:112:5
Dec 02 16:06:27.039 INFO [stderr]     |
Dec 02 16:06:27.039 INFO [stderr] 112 |     lapse_rate(snd, t_profile)
Dec 02 16:06:27.039 INFO [stderr]     |     ^^^^^^^^^^ expected struct `optional::Optioned`, found a different struct `optional::Optioned`
Dec 02 16:06:27.039 INFO [stderr]     |
Dec 02 16:06:27.039 INFO [stderr]     = note: expected type `&optional::Optioned<f64>` (struct `optional::Optioned`)
Dec 02 16:06:27.039 INFO [stderr]                found type `&optional::Optioned<f64>` (struct `optional::Optioned`)
Dec 02 16:06:27.039 INFO [stderr] note: Perhaps two different versions of crate `optional` are being used?
Dec 02 16:06:27.039 INFO [stderr]    --> src/profile.rs:112:5
Dec 02 16:06:27.039 INFO [stderr]     |
Dec 02 16:06:27.039 INFO [stderr] 112 |     lapse_rate(snd, t_profile)
Dec 02 16:06:27.039 INFO [stderr]     |     ^^^^^^^^^^
Dec 02 16:06:27.039 INFO [stderr]     = note: required because of the requirements on the impl of `std::iter::Iterator` for `std::iter::Cloned<std::slice::Iter<'_, optional::Optioned<f64>>>`
Dec 02 16:06:27.039 INFO [stderr] note: required by `profile::lapse_rate`
Dec 02 16:06:27.039 INFO [stderr]    --> src/profile.rs:151:1
Dec 02 16:06:27.039 INFO [stderr]     |
Dec 02 16:06:27.039 INFO [stderr] 151 | / fn lapse_rate<I: Iterator<Item = Optioned<f64>>>(
Dec 02 16:06:27.039 INFO [stderr] 152 | |     snd: &Sounding,
Dec 02 16:06:27.039 INFO [stderr] 153 | |     v_profile: I,
Dec 02 16:06:27.039 INFO [stderr] 154 | | ) -> Vec<Optioned<f64>> {
Dec 02 16:06:27.039 INFO [stderr] ...   |
Dec 02 16:06:27.039 INFO [stderr] 176 | |         }).collect()
Dec 02 16:06:27.039 INFO [stderr] 177 | | }
Dec 02 16:06:27.039 INFO [stderr]     | |_^
Dec 02 16:06:27.039 INFO [stderr] 
Dec 02 16:06:27.039 INFO [stderr] error[E0271]: type mismatch resolving `<std::slice::Iter<'_, optional::Optioned<f64>> as std::iter::Iterator>::Item == &optional::Optioned<f64>`
Dec 02 16:06:27.039 INFO [stderr]    --> src/profile.rs:148:5
Dec 02 16:06:27.039 INFO [stderr]     |
Dec 02 16:06:27.039 INFO [stderr] 148 |     lapse_rate(snd, theta_e)
Dec 02 16:06:27.039 INFO [stderr]     |     ^^^^^^^^^^ expected struct `optional::Optioned`, found a different struct `optional::Optioned`
Dec 02 16:06:27.039 INFO [stderr]     |
Dec 02 16:06:27.039 INFO [stderr]     = note: expected type `&optional::Optioned<f64>` (struct `optional::Optioned`)
Dec 02 16:06:27.039 INFO [stderr]                found type `&optional::Optioned<f64>` (struct `optional::Optioned`)
Dec 02 16:06:27.039 INFO [stderr] note: Perhaps two different versions of crate `optional` are being used?
Dec 02 16:06:27.039 INFO [stderr]    --> src/profile.rs:148:5
Dec 02 16:06:27.039 INFO [stderr]     |
Dec 02 16:06:27.039 INFO [stderr] 148 |     lapse_rate(snd, theta_e)
Dec 02 16:06:27.039 INFO [stderr]     |     ^^^^^^^^^^
Dec 02 16:06:27.039 INFO [stderr]     = note: required because of the requirements on the impl of `std::iter::Iterator` for `std::iter::Cloned<std::slice::Iter<'_, optional::Optioned<f64>>>`
Dec 02 16:06:27.039 INFO [stderr] note: required by `profile::lapse_rate`
Dec 02 16:06:27.039 INFO [stderr]    --> src/profile.rs:151:1
Dec 02 16:06:27.039 INFO [stderr]     |
Dec 02 16:06:27.039 INFO [stderr] 151 | / fn lapse_rate<I: Iterator<Item = Optioned<f64>>>(
Dec 02 16:06:27.039 INFO [stderr] 152 | |     snd: &Sounding,
Dec 02 16:06:27.039 INFO [stderr] 153 | |     v_profile: I,
Dec 02 16:06:27.039 INFO [stderr] 154 | | ) -> Vec<Optioned<f64>> {
Dec 02 16:06:27.039 INFO [stderr] ...   |
Dec 02 16:06:27.039 INFO [stderr] 176 | |         }).collect()
Dec 02 16:06:27.039 INFO [stderr] 177 | | }
Dec 02 16:06:27.039 INFO [stderr]     | |_^
Dec 02 16:06:27.039 INFO [stderr] 
Dec 02 16:06:27.067 INFO [stderr] error: aborting due to 22 previous errors
Dec 02 16:06:27.067 INFO [stderr] 
Dec 02 16:06:27.067 INFO [stderr] Some errors occurred: E0271, E0277, E0308.
Dec 02 16:06:27.067 INFO [stderr] For more information about an error, try `rustc --explain E0271`.
Dec 02 16:06:27.075 INFO [stderr] error: Could not compile `sounding-analysis`.
Dec 02 16:06:27.075 INFO [stderr] 
Dec 02 16:06:27.075 INFO [stderr] To learn more, run the command again with --verbose.
Dec 02 16:06:27.079 INFO [stderr] su: No module specific data is present
Dec 02 16:06:27.722 INFO running `"docker" "inspect" "5a5f490181eb08035964b652c1b3cf1ad466afcf84e8649f826b56e35b3c79ae"`
Dec 02 16:06:27.969 INFO running `"docker" "rm" "-f" "5a5f490181eb08035964b652c1b3cf1ad466afcf84e8649f826b56e35b3c79ae"`
Dec 02 16:06:28.187 INFO [stdout] 5a5f490181eb08035964b652c1b3cf1ad466afcf84e8649f826b56e35b3c79ae
